{"id":9877,"date":"2020-05-22T20:11:51","date_gmt":"2020-05-22T23:11:51","guid":{"rendered":"https:\/\/febract.org.br\/portal\/?page_id=9877"},"modified":"2022-03-16T14:02:10","modified_gmt":"2022-03-16T17:02:10","slug":"manuais-e-cartilhas-restrito","status":"publish","type":"page","link":"https:\/\/febract.org.br\/portal\/manuais-e-cartilhas-restrito\/","title":{"rendered":"Manuais e Cartilhas (restrito)"},"content":{"rendered":"<div id=\"fb-root\"><\/div>\n<hr>\n<h2><strong>MANUAIS E CARTILHAS<\/strong><\/h2>\n<hr>\n\n<table id=\"tablepress-7\" class=\"tablepress tablepress-id-7\">\n<thead>\n<tr class=\"row-1 odd\">\n\t<th class=\"column-1\">NOME DO AUTOR<\/th><th class=\"column-2\">NOME DO DOCUMENTO<\/th><th class=\"column-3\">DADOS DO DOCUMENTO<\/th><th class=\"column-4\">LINK PARA DOWNLOAD<\/th>\n<\/tr>\n<\/thead>\n<tbody class=\"row-hover\">\n<tr class=\"row-2 even\">\n\t<td class=\"column-1\">Escola do Servi\u00e7o Social da UFRJ<\/td><td class=\"column-2\">Manual de direitos e deveres dos usu\u00e1rios e familiares em sa\u00fade mental e drogas.<\/td><td class=\"column-3\">Bras\u00edlia: Minist\u00e9rio da Sa\u00fade, Fundo Nacional de Sa\u00fade, 2014.<\/td><td class=\"column-4\"><a href=\"https:\/\/febract.org.br\/portal\/wp-content\/uploads\/2020\/04\/Manual-Direitos-Deveres-min.pdf\" rel=\"noopener noreferrer\" target=\"_blank\">Baixe aqui<\/a><\/td>\n<\/tr>\n<tr class=\"row-3 odd\">\n\t<td class=\"column-1\">SENAD \u2013 FMB-UNESP<\/td><td class=\"column-2\">Capacita\u00e7\u00e3o para Comunidades Terap\u00eauticas<br \/>\nConhecer para cuidar melhor: curso para l\u00edderes, volunt\u00e1rios, profissionais e gestores de Comunidades Terap\u00eauticas.<\/td><td class=\"column-3\">SENAD \u2013 FMB-UNESP,  2013<\/td><td class=\"column-4\"><a href=\"https:\/\/febract.org.br\/portal\/wp-content\/uploads\/2020\/04\/Curso-SENAD-UNESP.pdf\" rel=\"noopener noreferrer\" target=\"_blank\">Baixe aqui<\/a><\/td>\n<\/tr>\n<tr class=\"row-4 even\">\n\t<td class=\"column-1\">SENAD<\/td><td class=\"column-2\">Curso de preven\u00e7\u00e3o do uso de drogas para Educadores de Escolas P\u00fablicas.<\/td><td class=\"column-3\">SENAD, 2014<\/td><td class=\"column-4\"><a href=\"https:\/\/febract.org.br\/portal\/wp-content\/uploads\/2020\/04\/CURSO-PREVEN\u00c7\u00c3O-ESCOLAS-SENAD-min.pdf\" rel=\"noopener noreferrer\" target=\"_blank\">Baixe aqui<\/a><\/td>\n<\/tr>\n<tr class=\"row-5 odd\">\n\t<td class=\"column-1\">SENAD<\/td><td class=\"column-2\">Preven\u00e7\u00e3o ao uso de \u00e1lcool e outras drogas no contexto escolar<\/td><td class=\"column-3\">SENAD, 2014<\/td><td class=\"column-4\"><a href=\"https:\/\/febract.org.br\/portal\/wp-content\/uploads\/2020\/05\/Preven\u00e7\u00e3o-ao-uso-de-\u00e1lcool-e-outras-drogas-no-contexto-escolar.pdf\" rel=\"noopener noreferrer\" target=\"_blank\">Baixe aqui<\/a><\/td>\n<\/tr>\n<tr class=\"row-6 even\">\n\t<td class=\"column-1\">SENAD<\/td><td class=\"column-2\">Drogas: Cartilha mudando comportamentos<\/td><td class=\"column-3\">SENAD, 2013<\/td><td class=\"column-4\"><a href=\"https:\/\/febract.org.br\/portal\/wp-content\/uploads\/2020\/04\/Cartilha-Mudando-Comportamentos.pdf\" rel=\"noopener noreferrer\" target=\"_blank\">Baixe aqui<\/a><\/td>\n<\/tr>\n<tr class=\"row-7 odd\">\n\t<td class=\"column-1\">SENAD<\/td><td class=\"column-2\">Drogas: Cartilha para educadores<\/td><td class=\"column-3\">SENAD, 2013<\/td><td class=\"column-4\"><a href=\"https:\/\/febract.org.br\/portal\/wp-content\/uploads\/2020\/04\/Cartilha-para-educadores.pdf\" rel=\"noopener noreferrer\" target=\"_blank\">Baixe aqui<\/a><\/td>\n<\/tr>\n<tr class=\"row-8 even\">\n\t<td class=\"column-1\">SENAD<\/td><td class=\"column-2\">Drogas: Cartilha para pais de adolescentes<\/td><td class=\"column-3\">SENAD, 2013<\/td><td class=\"column-4\"><a href=\"https:\/\/febract.org.br\/portal\/wp-content\/uploads\/2020\/04\/Cartilha-para-pais-de-adolescentes.pdf\" rel=\"noopener noreferrer\" target=\"_blank\">Baixe aqui<\/a><\/td>\n<\/tr>\n<tr class=\"row-9 odd\">\n\t<td class=\"column-1\">SENAD<\/td><td class=\"column-2\">Drogas: Cartilha para pais de crian\u00e7as<\/td><td class=\"column-3\">SENAD, 2013<\/td><td class=\"column-4\"><a href=\"https:\/\/febract.org.br\/portal\/wp-content\/uploads\/2020\/04\/Cartilha-para-pais-de-crian\u00e7as.pdf\" rel=\"noopener noreferrer\" target=\"_blank\">Baixe aqui<\/a><\/td>\n<\/tr>\n<tr class=\"row-10 even\">\n\t<td class=\"column-1\">SENAD<\/td><td class=\"column-2\">Drogas: Cartilha \u00e1lcool e jovens<\/td><td class=\"column-3\">SENAD, 2013<\/td><td class=\"column-4\"><a href=\"https:\/\/febract.org.br\/portal\/wp-content\/uploads\/2020\/04\/Cartilha-sobre-\u00c1lcool-e-Jovens.pdf\" rel=\"noopener noreferrer\" target=\"_blank\">Baixe aqui<\/a><\/td>\n<\/tr>\n<tr class=\"row-11 odd\">\n\t<td class=\"column-1\">SENAD<\/td><td class=\"column-2\">Drogas: Cartilha sobre maconha, coca\u00edna e inalantes<\/td><td class=\"column-3\">SENAD, 2013<\/td><td class=\"column-4\"><a href=\"https:\/\/febract.org.br\/portal\/wp-content\/uploads\/2020\/04\/Cartilha-sobre-maconha-coca\u00edna-e-inalantes.pdf\" rel=\"noopener noreferrer\" target=\"_blank\">Baixe aqui<\/a><\/td>\n<\/tr>\n<tr class=\"row-12 even\">\n\t<td class=\"column-1\">SENAD<\/td><td class=\"column-2\">Drogas: Cartilha sobre tabaco<\/td><td class=\"column-3\">SENAD, 2013<\/td><td class=\"column-4\"><a href=\"https:\/\/febract.org.br\/portal\/wp-content\/uploads\/2020\/04\/Cartilha-sobre-tabaco.pdf\" rel=\"noopener noreferrer\" target=\"_blank\">Baixe aqui<\/a><\/td>\n<\/tr>\n<tr class=\"row-13 odd\">\n\t<td class=\"column-1\">SENAD<\/td><td class=\"column-2\">Livreto informativo sobre drogas psicotr\u00f3picas<\/td><td class=\"column-3\">SENAD, 2013<\/td><td class=\"column-4\"><a href=\"https:\/\/febract.org.br\/portal\/wp-content\/uploads\/2020\/04\/Livreto-Informativo-Sobre-Drogas-Psicotr\u00f3picas.pdf\" rel=\"noopener noreferrer\" target=\"_blank\">Baixe aqui<\/a><\/td>\n<\/tr>\n<tr class=\"row-14 even\">\n\t<td class=\"column-1\">Conselho Federal de Medicina<\/td><td class=\"column-2\">Diretrizes gerais m\u00e9dicas para assist\u00eancia integral ao dependente do uso do crack.<\/td><td class=\"column-3\">Conselho Federal de Medicina<\/td><td class=\"column-4\"><a href=\"https:\/\/febract.org.br\/portal\/wp-content\/uploads\/2020\/04\/1.-Cartilha-Crack.pdf\" rel=\"noopener noreferrer\" target=\"_blank\">Baixe aqui<\/a><\/td>\n<\/tr>\n<tr class=\"row-15 odd\">\n\t<td class=\"column-1\">SENAD<\/td><td class=\"column-2\">Gloss\u00e1rio de \u00e1lcool e drogas.<\/td><td class=\"column-3\">SENAD, 2010<\/td><td class=\"column-4\"><a href=\"https:\/\/febract.org.br\/portal\/wp-content\/uploads\/2020\/04\/2.-Gloss\u00e1rio-de-\u00c1lcool-e-Drogas.pdf\" rel=\"noopener noreferrer\" target=\"_blank\">Baixe aqui<\/a><\/td>\n<\/tr>\n<tr class=\"row-16 even\">\n\t<td class=\"column-1\">COMUDA-SP<\/td><td class=\"column-2\">Guia pr\u00e1tico sobre uso, abuso e depend\u00eancia de subst\u00e2ncias psicotr\u00f3picas para educadores e profissionais da sa\u00fade.<\/td><td class=\"column-3\">COMUDA-SP, 2006<\/td><td class=\"column-4\"><a href=\"https:\/\/febract.org.br\/portal\/wp-content\/uploads\/2020\/04\/3.-Guia-Pratico-sobre-Uso-e-Dependencia-de-Drogas.pdf\" rel=\"noopener noreferrer\" target=\"_blank\">Baixe aqui<\/a><\/td>\n<\/tr>\n<tr class=\"row-17 odd\">\n\t<td class=\"column-1\">SENAD<\/td><td class=\"column-2\">A Preven\u00e7\u00e3o do uso de Drogas e a Terapia Comunit\u00e1ria.<\/td><td class=\"column-3\">SENAD, 2006<\/td><td class=\"column-4\"><a href=\"https:\/\/febract.org.br\/portal\/wp-content\/uploads\/2020\/04\/4.-Cartilha-A-Preven\u00e7\u00e3o-do-Uso-de-Drogas-e-a-Terapia-Comunit\u00e1ria.pdf\" rel=\"noopener noreferrer\" target=\"_blank\">Baixe aqui<\/a><\/td>\n<\/tr>\n<\/tbody>\n<\/table>\n<!-- #tablepress-7 from cache -->\n","protected":false},"excerpt":{"rendered":"<p>MANUAIS E CARTILHAS<\/p>\n","protected":false},"author":10,"featured_media":0,"parent":0,"menu_order":0,"comment_status":"closed","ping_status":"closed","template":"","meta":{"_monsterinsights_skip_tracking":false,"_monsterinsights_sitenote_active":false,"_monsterinsights_sitenote_note":"","_monsterinsights_sitenote_category":0,"footnotes":""},"class_list":["post-9877","page","type-page","status-publish","hentry"],"yoast_head":"<!-- This site is optimized with the Yoast SEO plugin v14.6.1 - https:\/\/yoast.com\/wordpress\/plugins\/seo\/ -->\n<title>Manuais e Cartilhas (restrito) - FEBRACT<\/title>\n<meta name=\"robots\" content=\"index, follow\" \/>\n<meta name=\"googlebot\" content=\"index, follow, max-snippet:-1, max-image-preview:large, max-video-preview:-1\" \/>\n<meta name=\"bingbot\" content=\"index, follow, max-snippet:-1, max-image-preview:large, max-video-preview:-1\" \/>\n<link rel=\"canonical\" href=\"https:\/\/febract.org.br\/portal\/manuais-e-cartilhas-restrito\/\" \/>\n<meta property=\"og:locale\" content=\"pt_BR\" \/>\n<meta property=\"og:type\" content=\"article\" \/>\n<meta property=\"og:title\" content=\"Manuais e Cartilhas (restrito) - FEBRACT\" \/>\n<meta property=\"og:description\" content=\"MANUAIS E CARTILHAS\" \/>\n<meta property=\"og:url\" content=\"https:\/\/febract.org.br\/portal\/manuais-e-cartilhas-restrito\/\" \/>\n<meta property=\"og:site_name\" content=\"FEBRACT\" \/>\n<meta property=\"article:publisher\" content=\"https:\/\/www.facebook.com\/FEBRACT\/\" \/>\n<meta property=\"article:modified_time\" content=\"2022-03-16T17:02:10+00:00\" \/>\n<meta name=\"twitter:card\" content=\"summary\" \/>\n<script type=\"application\/ld+json\" class=\"yoast-schema-graph\">{\"@context\":\"https:\/\/schema.org\",\"@graph\":[{\"@type\":\"Organization\",\"@id\":\"https:\/\/febract.org.br\/portal\/#organization\",\"name\":\"Febract - Federa\\u00e7\\u00e3o Brasileira de Comunidades Terap\\u00eauticas\",\"url\":\"https:\/\/febract.org.br\/portal\/\",\"sameAs\":[\"https:\/\/www.facebook.com\/FEBRACT\/\"],\"logo\":{\"@type\":\"ImageObject\",\"@id\":\"https:\/\/febract.org.br\/portal\/#logo\",\"inLanguage\":\"pt-BR\",\"url\":\"https:\/\/febract.org.br\/portal\/wp-content\/uploads\/2016\/01\/footer-logo.jpg\",\"width\":150,\"height\":211,\"caption\":\"Febract - Federa\\u00e7\\u00e3o Brasileira de Comunidades Terap\\u00eauticas\"},\"image\":{\"@id\":\"https:\/\/febract.org.br\/portal\/#logo\"}},{\"@type\":\"WebSite\",\"@id\":\"https:\/\/febract.org.br\/portal\/#website\",\"url\":\"https:\/\/febract.org.br\/portal\/\",\"name\":\"FEBRACT\",\"description\":\"Federa\\u00e7\\u00e3o Brasileira  de Comunidades Terap\\u00eauticas. A FEBRACT fundada em 1990, \\u00e9 uma associa\\u00e7\\u00e3o sem fins lucrativos, que tem como Objetivo a realiza\\u00e7\\u00e3o de cursos para quem atua com preven\\u00e7\\u00e3o ao uso de drogas\",\"publisher\":{\"@id\":\"https:\/\/febract.org.br\/portal\/#organization\"},\"potentialAction\":[{\"@type\":\"SearchAction\",\"target\":\"https:\/\/febract.org.br\/portal\/?s={search_term_string}\",\"query-input\":\"required name=search_term_string\"}],\"inLanguage\":\"pt-BR\"},{\"@type\":\"WebPage\",\"@id\":\"https:\/\/febract.org.br\/portal\/manuais-e-cartilhas-restrito\/#webpage\",\"url\":\"https:\/\/febract.org.br\/portal\/manuais-e-cartilhas-restrito\/\",\"name\":\"Manuais e Cartilhas (restrito) - FEBRACT\",\"isPartOf\":{\"@id\":\"https:\/\/febract.org.br\/portal\/#website\"},\"datePublished\":\"2020-05-22T23:11:51+00:00\",\"dateModified\":\"2022-03-16T17:02:10+00:00\",\"inLanguage\":\"pt-BR\",\"potentialAction\":[{\"@type\":\"ReadAction\",\"target\":[\"https:\/\/febract.org.br\/portal\/manuais-e-cartilhas-restrito\/\"]}]}]}<\/script>\n<!-- \/ Yoast SEO plugin. -->","_links":{"self":[{"href":"https:\/\/febract.org.br\/portal\/wp-json\/wp\/v2\/pages\/9877","targetHints":{"allow":["GET"]}}],"collection":[{"href":"https:\/\/febract.org.br\/portal\/wp-json\/wp\/v2\/pages"}],"about":[{"href":"https:\/\/febract.org.br\/portal\/wp-json\/wp\/v2\/types\/page"}],"author":[{"embeddable":true,"href":"https:\/\/febract.org.br\/portal\/wp-json\/wp\/v2\/users\/10"}],"replies":[{"embeddable":true,"href":"https:\/\/febract.org.br\/portal\/wp-json\/wp\/v2\/comments?post=9877"}],"version-history":[{"count":2,"href":"https:\/\/febract.org.br\/portal\/wp-json\/wp\/v2\/pages\/9877\/revisions"}],"predecessor-version":[{"id":11411,"href":"https:\/\/febract.org.br\/portal\/wp-json\/wp\/v2\/pages\/9877\/revisions\/11411"}],"wp:attachment":[{"href":"https:\/\/febract.org.br\/portal\/wp-json\/wp\/v2\/media?parent=9877"}],"curies":[{"name":"wp","href":"https:\/\/api.w.org\/{rel}","templated":true}]}}